is f(23)?
395
Let w(y) = 3*y**2 - 91*y - 22082. Give w(-72).
22
Let w(n) = 6479*n + 38843. Give w(-6).
-31
Let f(n) = 6*n**2 - 208*n + 3342. What is f(15)?
1572
Let g(s) = -3*s**2 + 168*s - 1843. Determine g(34).
401
Let t(x) = -800*x**2 - 22415*x - 400. Calculate t(-28).
20
Let j(s) = -167*s + 1028. Calculate j(19).
-2145
Let m(w) = 2*w**3 + 314*w**2 + 2670*w + 721. Give m(-148).
-167
Let z(l) = -l**2 + 406*l - 23520. Determine z(70).
0
Let n(o) = -o**3 + 110*o**2 + 184*o + 4592. Determine n(112).
112
Let f(x) = 2*x**3 + 46*x**2 - 8870*x - 211724. What is f(-24)?
4
Let c(m) = m**3 + 66*m**2 + 108*m - 2057. What is c(-64)?
-777
Let b(u) = -3*u**3 + 89*u**2 + 19*u + 273. What is b(30)?
-57
Let q(l) = 39*l**3 - l**2 + 84*l - 82. Calculate q(1).
40
Let k(l) = -91*l**2 + 5300*l - 5. Calculate k(58).
1271
Let x(b) = -5006*b + 330395. Calculate x(66).
-1
Let p(b) = -b**3 + 42*b**2 + 1703*b + 4428. Calculate p(68).
8
Let k(b) = 304*b**2 + 149*b + 17. Calculate k(2).
1531
Let x(s) = -14*s**3 - 86*s**2 + 257*s + 6. Give x(3).
-375
Let n(p) = -119094*p + 5240128. Determine n(44).
-8
Let n(x) = 5*x**2 - 460*x + 173. Give n(89).
-1162
Let s(k) = -244368*k + 6353554. Determine s(26).
-14
Let h(t) = 11*t**2 - 48*t - 268. Determine h(-4).
100
Let f(a) = -2187601*a - 50314816. Calculate f(-23).
7
Let t(g) = -g**2 + 33113*g + 1160057. What is t(-35)?
-123
Let c(l) = 608*l + 92845. Determine c(-153).
-179
Let v(d) = 261*d - 9273. Give v(38).
645
Let n(x) = -9*x**3 - 1199*x**2 - 201*x + 8676. Give n(-133).
31
Let z(j) = 4*j**2 + 67806*j - 339107. What is z(5)?
23
Let v(m) = -2*m**3 + 169*m**2 - 1759*m - 450. Give v(72).
2502
Let n(b) = 3519*b + 2374. Calculate n(-1).
-1145
Let x(k) = -7*k**3 + 55*k**2 - 54*k + 502. Determine x(8).
6
Let t(h) = h**3 - 25*h**2 + 419*h - 1600. Determine t(5).
-5
Let a(m) = -36006*m - 35956. Calculate a(-1).
50
Let s(x) = 3*x**3 - 2387*x**2 - 773*x - 18303. Determine s(796).
5
Let j(l) = -l**2 + 1076*l - 289427. Determine j(528).
-83
Let j(x) = -430*x**3 + x**2 + 94*x + 94. What is j(-1)?
431
Let d(r) = 922*r + 530139. Give d(-575).
-11
Let h(w) = -20*w + 96. Determine h(52).
-944
Let z(l) = 2*l**2 + 7640*l + 5806666. What is z(-1047)?
4
Let m(a) = -4260661*a - 25563970. Determine m(-6).
-4
Let p(y) = 114*y**3 + 4*y**2 + 1367*y - 2742. Give p(2).
920
Let c(v) = -352*v - 15093. What is c(-25)?
-6293
Let c(d) = d**3 - 1322*d**2 - 8730*d + 8052567. Determine c(1324).
-1
Let b(p) = 5*p**3 + 20*p**2 - 83*p - 476. Calculate b(-7).
-630
Let i(q) = q**3 + 13*q**2 + 30*q + 233. Give i(-12).
17
Let z(o) = 2*o**3 - 8*o**2 + 309*o - 1989. What is z(6)?
9
Let b(p) = -2*p**3 + 38*p**2 - 150*p + 25. Determine b(6).
61
Let l(z) = 7794*z - 1402924. Calculate l(180).
-4
Let o(j) = -667*j**2 - 3878*j + 733. Determine o(-6).
-11
Let w(q) = -q**3 + 4*q**2 + 231*q - 1108. Determine w(5).
22
Let u(q) = -376*q**2 - 6012*q - 39. What is u(-16)?
-103
Let o(x) = 15737*x + 220164. Determine o(-14).
-154
Let r(b) = b**3 + 94*b**2 + 1763*b - 346. What is r(-68)?
-6
Let p(u) = -u**2 - 181*u - 2043. Give p(-12).
-15
Let m(d) = 42648*d - 383812. What is m(9)?
20
Let t(x) = -6*x**2 + 20737*x - 144860. Give t(7).
5
Let j(q) = 2*q**2 + 44*q + 30. What is j(0)?
30
Let a(t) = 230*t + 5913. Calculate a(-26).
-67
Let d(h) = 5398*h + 2607168. Determine d(-483).
-66
Let x(f) = -f**3 - 17*f**2 - 62*f - 379. Determine x(-12).
-355
Let f(u) = -4*u**2 - 370*u + 2554. Give f(7).
-232
Let z(l) = l**3 + 287*l**2 - 53*l - 15214. Determine z(-287).
-3
Let p(l) = -l**3 + 77*l**2 - 575*l - 2500. Calculate p(68).
16
Let d(c) = -c**3 + 48*c**2 + 226*c - 8525. Calculate d(49).
148
Let y(f) = -17606*f - 88039. What is y(-5)?
-9
Let t(o) = o**3 + 38*o**2 + 270*o - 55. What is t(-25)?
1320
Let j(x) = x**3 + 25*x**2 + 6*x - 36. What is j(-23)?
884
Let g(d) = 17185*d - 189279. What is g(11)?
-244
Let z(c) = -417653*c - 4176535. Determine z(-10).
-5
Let l(g) = g**3 + 217*g**2 - 264381*g + 884. Calculate l(417).
-367
Let f(a) = 5243*a + 15783. Give f(-3).
54
Let b(p) = -71611*p + 2792843. Give b(39).
14
Let l(w) = -3881*w + 2394527. Give l(617).
-50
Let i(m) = -2209*m + 12295. Calculate i(5).
1250
Let m(w) = -7776*w - 31719. Determine m(-4).
-615
Let v(i) = 10*i**3 - 4155*i**2 - 2063*i - 7078. Calculate v(416).
-6
Let r(k) = 2*k**3 - 91*k**2 - 19*k - 1273. Determine r(46).
-31
Let k(q) = q**2 - 874*q + 182262. Calculate k(343).
129
Let m(s) = -1243*s - 8016. Give m(-7).
685
Let q(v) = -10*v**2 + 4965*v - 19889. Determine q(4).
-189
Let k(r) = 2*r**3 + 21*r**2 - 591*r - 370. Calculate k(-23).
-2
Let a(z) = 2*z**2 - 62*z + 396. Give a(38).
928
Let r(m) = 38*m - 5817. Give r(161).
301
Let s(w) = 28190*w - 84568. Calculate s(3).
2
Let j(t) = 22*t**3 + 440*t**2 - 2*t + 1. Give j(-20).
41
Let y(k) = -263133*k + 6841456. What is y(26)?
-2
Let s(m) = -192*m + 5421. Calculate s(36).
-1491
Let p(f) = 24*f - 1253. What is p(56)?
91
Let a(l) = 7766*l - 225083. Give a(29).
131
Let f(c) = c**3 - 64*c**2 - 24*c - 154. Give f(64).
-1690
Let q(k) = 1209*k + 34901. What is q(-26)?
3467
Let x(s) = -2*s**2 + 861*s - 54319. Calculate x(77).
120
Let i(r) = r**3 + 41*r**2 - 2326*r - 450. Give i(32).
-130
Let r(m) = -13505*m + 472754. Calculate r(35).
79
Let u(o) = 25*o - 1774. Give u(-5).
-1899
Let u(s) = 1428*s + 49214. What is u(-34)?
662
Let f(a) = -605*a - 3671. What is f(-6)?
-41
Let c(v) = 6*v**2 + 509*v + 10276. Calculate c(-34).
-94
Let o(d) = -d**3 - 36*d**2 - 2920*d - 16438. Give o(-6).
2
Let j(p) = -p**3 - 54*p**2 - 5561*p - 106864. Determine j(-22).
-10
Let h(t) = -1337*t + 244592. What is h(183)?
-79
Let d(n) = n**2 + 608*n - 203527. Give d(240).
-7
Let i(h) = -3*h**3 - 21*h**2 - 176*h + 20. Give i(-6).
968
Let q(y) = 2*y**3 - 55*y**2 - 19*y + 149. Give q(28).
401
Let r(t) = -3011*t - 2996. Determine r(-1).
15
Let k(h) = -53118*h - 1646652. What is k(-31)?
6
Let x(z) = 2*z**3 + 70*z**2 - 283*z - 2080. What is x(-38)?
10
Let z(h) = -17317*h - 17321. What is z(-1)?
-4
Let l(k) = -561*k + 28556. Determine l(51).
-55
Let c(w) = -14*w**2 + 498*w - 1583. What is c(32)?
17
Let o(x) = 2*x**3 - 6*x**2 + 602*x - 3525. Determine o(6).
303
Let l(t) = t**3 + 45*t**2 - 11315*t - 499742. Calculate l(-44).
54
Let u(s) = -2*s**3 - 7*s**2 - 67*s + 541. Determine u(7).
-957
Let t(u) = -u**3 + 29*u**2 - 23*u + 6. Determine t(10).
1676
Let h(u) = 3*u**2 + 31*u - 1210. Give h(16).
54
Let v(a) = -a**2 + 790657*a + 2371968. Calculate v(-3).
-12
Let m(u) = 3*u**3 - 127*u**2 + 798*u - 970. Calculate m(35).
10
Let n(i) = 5*i**2 - 742*i + 25811. Calculate n(56).
-61
Let b(f) = -227*f**2 + 10901*f - 206. Calculate b(48).
34
Let t(c) = -4*c**3 + 315*c**2 - 230*c - 289. Calculate t(78).
23
Let c(k) = -8794*k - 19. Determine c(0).
-19
Let o(y) = -y**3 - 66*y**2 - 313*y - 132. Determine o(-61).
356
Let z(w) = -w**3 + 28*w**2 + 77*w - 1111. Give z(18).
3515
Let f(n) = 2*n**3 - 634*n**2 + 30038*n + 358. What is f(58)?
10
Let j(h) = -3*h**2 + 1101231*h - 1101231. What is j(1)?
-3
Let b(d) = 37*d**2 - 2178*d - 376. Calculate b(57).
-4309
Let k(y) = 14*y**2 - 650*y - 19272. Determine k(67).
24
Let y(g) = -2*g**3 - 29*g**2 - 1860*g - 30528. Calculate y(-16).
0
Let c(j) = 17861*j + 26166348. What is c(-1465)?
-17
Let a(i) = i**3 + 81*i**2 - 353*i - 1140. Calculate a(-85).
-35
Let z(n) = -n**3 - 94*n**2 - 2072*n - 1085. What is z(-34)?
3
Let s(a) = 3*a**3 - 10*a**2 + 22120*a - 66366. What is s(3)?
-15
Let r(g) = 458*g - 70056. Give r(153).
18
Let o(g) = -480*g + 73930. What is o(154)?
10
Let d(t) = t**2 - 31*t - 1173. Calculate d(0).
-1173
Let b(o) = -13*o + 1648. Give b(36).
1180
Let x(i) = -2*i**3 - 18*i**2 - 27*i - 173. Calculate x(-8).
-85
Let y(w) = -14*w**3 - 474*w**2 - 2499*w - 3. Give y(-6).
951
Let l(u) = -71977*u + 8781203. Determine l(122).
9
Let c(g) = -3*g**3 + 31*g**2 - 17*g - 217. Give c(11).
-646
Let p(q) = 52422*q + 629070. Calculate p(-12).
6
Let s(l) = -4327*l - 112474. Determine s(-26).
28
Let c(r) = -r**3 + 6*r**2 + 8*r - 403. Calculate c(0).
-403
Let r(s) = -3*s**3 - 150*s**2 - 1872*s - 224. Give r(-27).
19
Let a(i) = -34011*i - 14658770. What is a(-431)?
-29
Let r(y) = -y**3 + 82*y**2 + 245*y + 138. Give r(85).
-712
Let p(q) = 19*q**3 + 13623*q**2 - 326*q - 233756. What is p(-717)?
-14
Let x(u) = 3*u**3 + 1102*u**2 +